to base 4.
111333
Convert -3f2 (base 16) to base 3.
-1101102
Convert 1054 (base 9) to base 6.
3334
Convert -11101111101100 (base 2) to base 15.
-482a
What is 83 (base 15) in base 8?
173
Convert 10221 (base 3) to base 7.
211
What is 103044 (base 5) in base 9?
4745
Convert -268 (base 16) to base 9.
-754
What is 112436 (base 7) in base 9?
30532
Convert -321110 (base 5) to base 8.
-25034
What is -1472 (base 8) in base 3?
-1010121
Convert 20103 (base 4) to base 8.
1023
10110000000101 (base 2) to base 12
6631
-735 (base 16) to base 13
-abc
20112 (base 4) to base 10
534
Convert -331103 (base 4) to base 11.
-2a47
Convert 243 (base 9) to base 2.
11001001
What is -5317 (base 10) in base 6?
-40341
9025 (base 10) to base 5
242100
What is 213 (base 14) in base 15?
1c4
What is -7c8a (base 13) in base 8?
-42161
What is -43110 (base 5) in base 6?
-21241
873 (base 14) to base 16
685
What is 113 (base 6) in base 16?
2d
Convert -3125 (base 6) to base 4.
-22331
What is -101100 (base 3) in base 2?
-100010111
Convert 3727 (base 9) to base 11.
20a7
What is -142200 (base 5) in base 8?
-13445
13110323 (base 4) to base 13
10877
What is 20 (base 9) in base 6?
30
Convert -1163 (base 8) to base 2.
-1001110011
What is 120 (base 13) in base 8?
303
Convert 2c9b (base 16) to base 4.
2302123
What is -38c (base 14) in base 4?
-23020
-531 (base 7) to base 4
-10023
a861 (base 15) to base 8
105471
Convert -442 (base 7) to base 14.
-122
201021 (base 3) to base 4
20020
12031210 (base 4) to base 10
25444
726 (base 9) to base 7
1503
Convert 21205 (base 6) to base 7.
11261
Convert 101212102 (base 3) to base 5.
223142
-22153 (base 6) to base 14
-11ad
Convert 34 (base 7) to base 2.
11001
33316 (base 7) to base 9
12454
What is 610 (base 8) in base 4?
12020
What is -730 (base 11) in base 4?
-31300
Convert -6314 (base 12) to base 15.
-3311
35357 (base 9) to base 2
101110001000111
What is 233 (base 6) in base 11?
85
Convert 495 (base 11) to base 9.
723
Convert -4076 (base 9) to base 6.
-21453
What is -7124 (base 11) in base 3?
-110222112
What is 1b6 (base 12) in base 14?
162
What is -632 (base 12) in base 13?
-545
What is 284 (base 13) in base 15?
1eb
Convert -418 (base 11) to base 2.
-111110111
-3140012 (base 5) to base 15
-10857
1222201222 (base 3) to base 13
14aa7
What is -10011202 (base 3) in base 7?
-6515
Convert -1016b (base 13) to base 5.
-1410234
What is 867 (base 9) in base 10?
709
What is -11032 (base 5) in base 12?
-53b
-107 (base 15) to base 3
-22121
1100430 (base 5) to base 7
106000
Convert -7566 (base 8) to base 4.
-331312
Convert -3a4 (base 11) to base 9.
-580
What is 1112322 (base 5) in base 12?
b4a8
-16a0 (base 11) to base 7
-6214
Convert -637 (base 9) to base 16.
-208
What is 3c9d (base 15) in base 6?
140021
Convert -1b39 (base 12) to base 15.
-edc
-1500 (base 8) to base 15
-3a7
Convert -2132104 (base 5) to base 11.
-25499
150246 (base 7) to base 5
1411234
What is 11001000100000 (base 2) in base 7?
52261
What is 2745 (base 9) in base 16?
812
-10d5 (base 16) to base 10
-4309
What is -385 (base 10) in base 12?
-281
-3031 (base 4) to base 14
-109
279 (base 11) to base 8
510
What is 42773 (base 8) in base 4?
10113323
What is 2536 (base 8) in base 15?
619
Convert -210200011 (base 3) to base 10.
-15799
-202010 (base 6) to base 14
-5b82
Convert -102120212 (base 3) to base 15.
-2782
What is -1252 (base 6) in base 4?
-11000
-110001101101 (base 2) to base 12
-1a11
What is 7914 (base 14) in base 10?
20990
-1523 (base 6) to base 3
-120020
-bb (base 15) to base 16
-b0
What is 45364 (base 8) in base 16?
4af4
What is -66 (base 15) in base 14?
-6c
Convert -422 (base 9) to base 13.
-206
What is -e018 (base 16) in base 14?
-16c9a
What is d24 (base 15) in base 7?
11425
Convert -c2 (base 16) to base 4.
-3002
Convert -685 (base 9) to base 16.
-233
Convert 1184 (base 10) to base 14.
608
-6a4 (base 11) to base 12
-5a0
What is 2791 (base 15) in base 8?
20415
-31001232 (base 4) to base 7
-311364
Convert -1101011101000 (base 2) to base 13.
-319b
3513 (base 9) to base 11
1a58
-14142 (base 7) to base 5
-110402
2e1 (base 15) to base 14
353
What is -15310 (base 7) in base 2?
-1000010101110
What is -1a46 (base 13) in base 12?
-2349
-1015 (base 12) to base 2
-11011010001
-193 (base 12) to base 2
-11111111
14246 (base 9) to base 3
111021120
What is -130212 (base 4) in base 7?
-5223
What is 42555 (base 7) in base 5?
314300
Convert 2120 (base 15) to base 2.
1101101011101
2504 (base 6) to base 8
1150
Convert 612 (base 16) to base 9.
2116
What is 10220310 (base 4) in base 7?
106245
Convert -21142 (base 5) to base 16.
-58e
Convert -24c (base 15) to base 9.
-640
Convert 10000111000 (base 2) to base 6.
5000
14650 (base 7) to base 8
10006
What is 7782 (base 9) in base 10?
5744
Convert 1210022 (base 3) to base 16.
518
3310 (base 6) to base 10
762
What is -11680 (base 9) in base 13?
-3759
What is -a88 (base 16) in base 9?
-3625
-19 (base 13) to base 7
-31
What is -104 (base 7) in base 6?
-125
What is -352025 (base 7) in base 8?
-173233
Convert 4110 (base 5) to base 2.
1000010010
Convert -4315 (base 11) to base 2.
-1011001000111
Convert -27084 (base 13) to base 9.
-120536
Convert 11222 (base 4) to base 5.
2422
Convert 50 (base 16) to base 4.
1100
Convert 3a0b (base 16) to base 8.
35013
20b (base 13) to base 14
1ad
Convert 101656 (base 7) to base 12.
a151
Convert 1010011101001 (base 2) to base 14.
1d45
-77201 (base 10) to base 14
-201c5
27062 (base 12) to base 11
37336
516 (base 9) to base 11
352
What is -23220 (base 4) in base 15?
-349
What is -7285 (base 13) in base 8?
-36722
What is -1001001011110 (base 2) in base 13?
-21a9
Convert 1030503 (base 6) to base 9.
76523
355 (base 12) to base 4
13301
-3223 (base 6) to base 9
-1006
Convert 1001120 (base 3) to base 14.
3d1
Convert -10212212 (base 3) to base 4.
-230033
-690 (base 11) to base 14
-42d
-5066 (base 11) to base 7
-25420
Convert -1122022111 (base 3) to base 5.
-2013210
What is -244313 (base 5) in base 13?
-432c
What is -1422 (base 7) in base 16?
-22b
-291 (base 14) to base 15
-249
What is -60254 (base 9) in base 16?
-9a99
What is 14a5 (base 11) in base 6?
12534
Convert 4409 (base 15) to base 10.
14409
Convert -2858 (base 9) to base 4.
-201233
Convert 3630 (base 8) to base 11.
1508
What is 7b3 (base 15) in base 6?
12023
What is -414 (base 11) in base 6?
-2151
89 (base 14) to base 13
94
What is 49a (base 16) in base 3?
1121122
-301411 (base 5) to base 14
-3702
Convert -434114 (base 5) to base 16.
-3a3d
-1709 (base 10) to base 13
-a16
What is 25316 (base 7) in base 15?
1ea2
Convert 416 (base 8) to base 5.
2040
What is -251 (base 7) in base 3?
-11222
7902 (base 13) to base 15
501c
Convert -10010000000001 (base 2) to base 3.
-110122101
Convert -134b (base 14) to base 6.
-23423
Convert -37b (base 15) to base 2.
-1100010111
Convert -434 (base 12) to base 8.
-1150
1000001001011011 (base 2) to base 16
825b
173 (base 9) to base 5
1042
What is 42443 (base 5) in base 8?
5471
-18389 (base 10) to base 4
-10133111
-1010001001 (base 2) to base 13
-3ac
-11201 (base 4) to base 13
-212
-16901 (base 15) to base 16
-11cc5
Convert -11212 (base 4) to base 7.
-1021
Convert -34334 (base 11) to base 8.
-140757
-5fad (base 16) to base 11
-17447
Convert -1a7 (base 16) to base 13.
-267
What is -2cb (base 16) in base 8?
-1313
What is 245 (base 11) in base 2?
100100011
What is 1976 (base 15) in base 2?
1010110000111
-717 (base 13) to base 9
-1576
What is 101211210 (base 3) in base 12?
46a9
413 (base 12) to base 8
1117
What is -26543 (base 10) in base 13?
-c10a
22817 (base 9) to base 12
89a4
What is 111100111110 (base 2) in base 3?
12100112
Convert 62 (base 14) to base 5.
321
What is 437 (base 10) in base 15?
1e2
What is -3671 (base 8) in base 10?
-1977
Convert -d7 (base 14) to base 4.
-2331
What is -1246 (base 7) in base 2?
-111011011
63 (base 16) to base 8
143
Convert 1168 (base 9) to base 14.
464
What is -411 (base 9) in base 8?
-516
-221220 (base 3) to base 5
-10244
-870 (base 9) to base 10
-711
Convert -1111001001 (base 2) to base 10.
-969
116 (base 11) to base 4
2022
What is 2b (base 12) in base 4?
203
-11021200110 (base 3) to base 5
-10144313
-ca (base 15) to base 8
-276
Convert 303210 (base 4) to base 7.
12423
Convert 1000303 (base 4) to base 2.
1000000110011
Convert -14155 (base 6